{"id":38,"date":"2018-09-30T14:04:56","date_gmt":"2018-09-30T12:04:56","guid":{"rendered":"http:\/\/localhost\/dog\/?page_id=38"},"modified":"2018-10-07T20:00:56","modified_gmt":"2018-10-07T18:00:56","slug":"cours-individuel-pistage-cavage","status":"publish","type":"page","link":"https:\/\/www.jgdog.fr\/dog\/cours-individuel-pistage-cavage\/","title":{"rendered":"Cours individuel &#8211; pistage \/ cavage"},"content":{"rendered":"<p><img decoding=\"async\" loading=\"lazy\" class=\"size-medium wp-image-76 alignleft\" src=\"\/dog\/wp-content\/uploads\/2018\/10\/chien_truffier-300x193.png\" alt=\"\" width=\"300\" height=\"193\" srcset=\"https:\/\/www.jgdog.fr\/dog\/wp-content\/uploads\/2018\/10\/chien_truffier.png 300w, https:\/\/www.jgdog.fr\/dog\/wp-content\/uploads\/2018\/10\/chien_truffier-80x50.png 80w\" sizes=\"(max-width: 300px) 100vw, 300px\" \/>Le pistage ou le cavage sont de bonnes activit\u00e9s \u00e0 pratiquer avec son chien.<\/p>\n<p>Le \u00ab\u00a0<strong>cavage<\/strong>\u00a0\u00bb est l&rsquo;action qui consiste \u00e0 rechercher des truffes.<\/p>\n<p>Le \u00ab\u00a0<strong>pistage<\/strong>\u00a0\u00bb est une activit\u00e9 canine qui consiste \u00e0 suivre une piste en utilisant l&rsquo;odorat de votre chien.<\/p>\n<p>Si vous vous demandez comment <strong>dresser un chien \u00e0 chercher les truffes<\/strong> ? ou <strong>comment dresser un chien truffier<\/strong> ? Nous pouvons vous aider.<\/p>\n<p>L&rsquo;odorat du chien est le sens le plus d\u00e9velopp\u00e9 de votre animal. En \u00e9tant 1 000 \u00e0 100 000 fois plus d\u00e9velopp\u00e9 que l&rsquo;odorat humain le chien dispose d&rsquo;un organe particuli\u00e8rement adapt\u00e9 \u00e0 la r\u00e9alisation d&rsquo;activit\u00e9s comme le pistage ou la recherche de truffes (\u00e9galement appel\u00e9 cavage).<\/p>\n<p>Le pistage et le cavage sont des activit\u00e9s tr\u00e8s int\u00e9ressantes pour votre chien. Elles vont tout d&rsquo;abord lui permettre de d\u00e9velopper son odorat, et lui permettre aussi de d\u00e9velopper sa facult\u00e9 \u00e0 r\u00e9soudre des probl\u00e8mes. Les activit\u00e9s de pistage et de cavage ont \u00e9galement comme atout de canaliser \u00e9norm\u00e9ment votre chien.<\/p>\n<p>&nbsp;<\/p>\n<p>Tous les chiens sont invit\u00e9s sur ces activit\u00e9s et <strong>tous sont capables de r\u00e9ussir<\/strong> !<\/p>\n<p>&nbsp;<\/p>\n","protected":false},"excerpt":{"rendered":"<p>Le pistage ou le cavage sont de bonnes activit\u00e9s \u00e0 pratiquer avec son chien. Le \u00ab\u00a0cavage\u00a0\u00bb est l&rsquo;action qui consiste \u00e0 rechercher des truffes. Le \u00ab\u00a0pistage\u00a0\u00bb est une activit\u00e9 canine qui consiste \u00e0 suivre une piste en utilisant l&rsquo;odorat de &hellip; <a href=\"https:\/\/www.jgdog.fr\/dog\/cours-individuel-pistage-cavage\/\">Lire la suite\u00ad\u00ad<\/a><\/p>\n","protected":false},"author":1,"featured_media":76,"parent":0,"menu_order":0,"comment_status":"closed","ping_status":"closed","template":"","meta":{"footnotes":""},"_links":{"self":[{"href":"https:\/\/www.jgdog.fr\/dog\/wp-json\/wp\/v2\/pages\/38"}],"collection":[{"href":"https:\/\/www.jgdog.fr\/dog\/wp-json\/wp\/v2\/pages"}],"about":[{"href":"https:\/\/www.jgdog.fr\/dog\/wp-json\/wp\/v2\/types\/page"}],"author":[{"embeddable":true,"href":"https:\/\/www.jgdog.fr\/dog\/wp-json\/wp\/v2\/users\/1"}],"replies":[{"embeddable":true,"href":"https:\/\/www.jgdog.fr\/dog\/wp-json\/wp\/v2\/comments?post=38"}],"version-history":[{"count":4,"href":"https:\/\/www.jgdog.fr\/dog\/wp-json\/wp\/v2\/pages\/38\/revisions"}],"predecessor-version":[{"id":134,"href":"https:\/\/www.jgdog.fr\/dog\/wp-json\/wp\/v2\/pages\/38\/revisions\/134"}],"wp:featuredmedia":[{"embeddable":true,"href":"https:\/\/www.jgdog.fr\/dog\/wp-json\/wp\/v2\/media\/76"}],"wp:attachment":[{"href":"https:\/\/www.jgdog.fr\/dog\/wp-json\/wp\/v2\/media?parent=38"}],"curies":[{"name":"wp","href":"https:\/\/api.w.org\/{rel}","templated":true}]}}