{"id":35,"date":"2018-09-30T14:04:55","date_gmt":"2018-09-30T12:04:55","guid":{"rendered":"http:\/\/localhost\/dog\/?page_id=35"},"modified":"2018-10-07T20:00:08","modified_gmt":"2018-10-07T18:00:08","slug":"conseils-avant-ou-apres-acquisition","status":"publish","type":"page","link":"https:\/\/www.jgdog.fr\/dog\/conseils-avant-ou-apres-acquisition\/","title":{"rendered":"Conseils &#8211; avant ou apr\u00e8s acquisition"},"content":{"rendered":"<h3><img decoding=\"async\" loading=\"lazy\" class=\"size-full wp-image-57 alignleft\" src=\"\/dog\/wp-content\/uploads\/2018\/09\/donne_pate.jpg\" alt=\"\" width=\"285\" height=\"285\" srcset=\"https:\/\/www.jgdog.fr\/dog\/wp-content\/uploads\/2018\/09\/donne_pate.jpg 285w, https:\/\/www.jgdog.fr\/dog\/wp-content\/uploads\/2018\/09\/donne_pate-150x150.jpg 150w\" sizes=\"(max-width: 285px) 100vw, 285px\" \/>Conseils \u00e0 domicile avant ou apr\u00e8s acquisition de votre chien.<\/h3>\n<p>Vous avez pour projet d&rsquo;acqu\u00e9rir un nouveau compagnon ou vous venez peut \u00eatre d&rsquo;accueillir un chien dans votre famille.<\/p>\n<p>Vous souhaitez \u00eatre sur de faire les bons choix, que ce soit en terme de la race de votre chien, de la mise en place de son environnement ou encore du <strong>comportement<\/strong> \u00e0 avoir avec lui. Vous avez certainement de nombreuses questions.<\/p>\n<p>Afin de faire uniquement de bons choix je me d\u00e9place <strong>\u00e0 domicile<\/strong> et je vous conseille. Je r\u00e9pondrais \u00e0 toutes vos questions, je suis sp\u00e9cialis\u00e9 dans la gestion comportementale du <strong>chien de compagnie<\/strong>. Je suis <strong>\u00e9ducateur canin dipl\u00f4m\u00e9<\/strong>. En tant que <strong>professionnel de l&rsquo;\u00e9ducation canine<\/strong> je pourrais vous aider et vous accompagner dans vos choix afin que les premi\u00e8res semaines de l&rsquo;accueil de votre nouveau compagnon se passent de la meilleure fa\u00e7on qu&rsquo;il soit.<\/p>\n<p>&nbsp;<\/p>\n<p>Vous pouvez me contacter par t\u00e9l\u00e9phone au <strong>07 78 88 14 02<\/strong>.<\/p>\n","protected":false},"excerpt":{"rendered":"<p>Conseils \u00e0 domicile avant ou apr\u00e8s acquisition de votre chien. Vous avez pour projet d&rsquo;acqu\u00e9rir un nouveau compagnon ou vous venez peut \u00eatre d&rsquo;accueillir un chien dans votre famille. Vous souhaitez \u00eatre sur de faire les bons choix, que ce &hellip; <a href=\"https:\/\/www.jgdog.fr\/dog\/conseils-avant-ou-apres-acquisition\/\">Lire la suite\u00ad\u00ad<\/a><\/p>\n","protected":false},"author":1,"featured_media":57,"parent":0,"menu_order":0,"comment_status":"closed","ping_status":"closed","template":"","meta":{"footnotes":""},"_links":{"self":[{"href":"https:\/\/www.jgdog.fr\/dog\/wp-json\/wp\/v2\/pages\/35"}],"collection":[{"href":"https:\/\/www.jgdog.fr\/dog\/wp-json\/wp\/v2\/pages"}],"about":[{"href":"https:\/\/www.jgdog.fr\/dog\/wp-json\/wp\/v2\/types\/page"}],"author":[{"embeddable":true,"href":"https:\/\/www.jgdog.fr\/dog\/wp-json\/wp\/v2\/users\/1"}],"replies":[{"embeddable":true,"href":"https:\/\/www.jgdog.fr\/dog\/wp-json\/wp\/v2\/comments?post=35"}],"version-history":[{"count":10,"href":"https:\/\/www.jgdog.fr\/dog\/wp-json\/wp\/v2\/pages\/35\/revisions"}],"predecessor-version":[{"id":133,"href":"https:\/\/www.jgdog.fr\/dog\/wp-json\/wp\/v2\/pages\/35\/revisions\/133"}],"wp:featuredmedia":[{"embeddable":true,"href":"https:\/\/www.jgdog.fr\/dog\/wp-json\/wp\/v2\/media\/57"}],"wp:attachment":[{"href":"https:\/\/www.jgdog.fr\/dog\/wp-json\/wp\/v2\/media?parent=35"}],"curies":[{"name":"wp","href":"https:\/\/api.w.org\/{rel}","templated":true}]}}