{"id":24,"date":"2018-09-30T13:53:24","date_gmt":"2018-09-30T11:53:24","guid":{"rendered":"http:\/\/localhost\/dog\/?page_id=24"},"modified":"2018-10-07T20:46:01","modified_gmt":"2018-10-07T18:46:01","slug":"contact","status":"publish","type":"page","link":"https:\/\/www.jgdog.fr\/dog\/contact\/","title":{"rendered":"Contact"},"content":{"rendered":"<p><strong>T\u00e9l\u00e9phone<\/strong> : 07 78 88 14 02<\/p>\n<p><strong>Horaires<\/strong> :<br \/>\nLundi au Vendredi : de 9h00 \u00e0 19h00<br \/>\nLe Samedi : de 9h00 \u00e0 12h00<br \/>\nDimanche : ferm\u00e9.<\/p>\n<p><strong>Adresse postale :<br \/>\n<\/strong>JG DOG<br \/>\n26 rue de la P\u00e9rouse<br \/>\n26 000 VALENCE<\/p>\n","protected":false},"excerpt":{"rendered":"<p>T\u00e9l\u00e9phone : 07 78 88 14 02 Horaires : Lundi au Vendredi : de 9h00 \u00e0 19h00 Le Samedi : de 9h00 \u00e0 12h00 Dimanche : ferm\u00e9. Adresse postale : JG DOG 26 rue de la P\u00e9rouse 26 000 VALENCE<\/p>\n","protected":false},"author":1,"featured_media":114,"parent":0,"menu_order":0,"comment_status":"closed","ping_status":"closed","template":"","meta":{"footnotes":""},"_links":{"self":[{"href":"https:\/\/www.jgdog.fr\/dog\/wp-json\/wp\/v2\/pages\/24"}],"collection":[{"href":"https:\/\/www.jgdog.fr\/dog\/wp-json\/wp\/v2\/pages"}],"about":[{"href":"https:\/\/www.jgdog.fr\/dog\/wp-json\/wp\/v2\/types\/page"}],"author":[{"embeddable":true,"href":"https:\/\/www.jgdog.fr\/dog\/wp-json\/wp\/v2\/users\/1"}],"replies":[{"embeddable":true,"href":"https:\/\/www.jgdog.fr\/dog\/wp-json\/wp\/v2\/comments?post=24"}],"version-history":[{"count":7,"href":"https:\/\/www.jgdog.fr\/dog\/wp-json\/wp\/v2\/pages\/24\/revisions"}],"predecessor-version":[{"id":144,"href":"https:\/\/www.jgdog.fr\/dog\/wp-json\/wp\/v2\/pages\/24\/revisions\/144"}],"wp:featuredmedia":[{"embeddable":true,"href":"https:\/\/www.jgdog.fr\/dog\/wp-json\/wp\/v2\/media\/114"}],"wp:attachment":[{"href":"https:\/\/www.jgdog.fr\/dog\/wp-json\/wp\/v2\/media?parent=24"}],"curies":[{"name":"wp","href":"https:\/\/api.w.org\/{rel}","templated":true}]}}